{"id":176,"date":"2017-10-26T09:23:58","date_gmt":"2017-10-26T09:23:58","guid":{"rendered":"http:\/\/section-26-conrs.fr\/?page_id=176"},"modified":"2021-01-22T18:33:06","modified_gmt":"2021-01-22T18:33:06","slug":"units","status":"publish","type":"page","link":"https:\/\/section-26-conrs.laboissiere.net\/index.php\/units\/","title":{"rendered":"Structures de recherche"},"content":{"rendered":"<script type=\"text\/javascript\">\r\ndocument.write('<iframe src=\"https:\/\/rafael.laboissiere.net\/units-map-s26-conrs\/units-map.html?bust=' + new Date().getTime() + '\" height=\"500px\" style=\"border: none; width: 100%\"');\r\n<\/script>\r\n\r\n   <style>\r\n\r\n   canveas.ol-unselectable {\r\n       height: 500px;\r\n   }\r\n   <\/style>\r\n   <p>Your browser does not support iframes.<\/p>\r\n<\/iframe>\r\n\r\n<div style=\"text-align: center; font-size: 80%;\">\r\n<table style=\"border: 0pt\">\r\n<tbody>\r\n<tr>\r\n<td style=\"text-align: center\">\r\n<img decoding=\"async\" src=\"http:\/\/section-26-conrs.fr\/wp-content\/uploads\/2021\/01\/logo-ERL.png\"\/><br\/>\r\nERL&nbsp;: \u00c9quipe de recherche labellis\u00e9e\r\n<\/td>\r\n<td style=\"text-align: center\">\r\n<img decoding=\"async\" src=\"https:\/\/section-26-conrs.fr\/wp-content\/uploads\/2017\/10\/logo-FR.png\"\/><br\/>\r\nFR&nbsp;: F\u00e9d\u00e9ration de recherche\r\n<\/td>\r\n<td style=\"text-align: center\">\r\n<img decoding=\"async\" src=\"https:\/\/section-26-conrs.fr\/wp-content\/uploads\/2017\/10\/logo-GDR.png\"\/><br\/>\r\nGDR&nbsp;: Groupement de recherche\r\n<\/td>\r\n<td style=\"text-align: center\">\r\n<img decoding=\"async\" src=\"http:\/\/section-26-conrs.fr\/wp-content\/uploads\/2021\/01\/logo-UAR.png\"\/><br\/>\r\nUAR&nbsp;: Unit\u00e9 d'appui et de recherche\r\n<\/td>\r\n<\/tr>\r\n<tr>\r\n<td style=\"text-align: center\">\r\n<img decoding=\"async\" src=\"https:\/\/section-26-conrs.fr\/wp-content\/uploads\/2017\/10\/logo-UMR.png\"\/><br\/>\r\nUMR&nbsp;: Unit\u00e9 mixte de recherche\r\n<\/td>\r\n<td style=\"text-align: center\">\r\n<img decoding=\"async\" src=\"https:\/\/section-26-conrs.fr\/wp-content\/uploads\/2017\/10\/logo-UMS.png\"\/><br\/>\r\nUMS&nbsp;: Unit\u00e9 mixte de service\r\n<\/td>\r\n<td style=\"text-align: center\">\r\n<img decoding=\"async\" src=\"https:\/\/section-26-conrs.fr\/wp-content\/uploads\/2017\/10\/logo-UPR.png\"\/><br\/>\r\nUPR&nbsp;: Unit\u00e9 propre de recherche\r\n<\/td>\r\n<td style=\"text-align: center\">\r\n<img decoding=\"async\" src=\"https:\/\/section-26-conrs.fr\/wp-content\/uploads\/2017\/10\/logo-USR.png\"\/><br\/>\r\nUSR&nbsp;: Unit\u00e9 de service et de recherche\r\n<\/td>\r\n<\/tr>\r\n<\/tbody>\r\n<\/table>\r\n<\/div>\r\n","protected":false},"excerpt":{"rendered":"<p>Your browser does not support iframes. ERL&nbsp;: \u00c9quipe de recherche labellis\u00e9e FR&nbsp;: F\u00e9d\u00e9ration de recherche GDR&nbsp;: Groupement de recherche UAR&nbsp;: Unit\u00e9 d&#8217;appui et de recherche UMR&nbsp;: Unit\u00e9 mixte de recherche UMS&nbsp;: Unit\u00e9 mixte de service UPR&nbsp;: Unit\u00e9 propre de recherche USR&nbsp;: Unit\u00e9 de service et de recherche<\/p>\n","protected":false},"author":1,"featured_media":0,"parent":0,"menu_order":0,"comment_status":"closed","ping_status":"closed","template":"","meta":{"footnotes":""},"class_list":["post-176","page","type-page","status-publish","hentry"],"_links":{"self":[{"href":"https:\/\/section-26-conrs.laboissiere.net\/index.php\/wp-json\/wp\/v2\/pages\/176"}],"collection":[{"href":"https:\/\/section-26-conrs.laboissiere.net\/index.php\/wp-json\/wp\/v2\/pages"}],"about":[{"href":"https:\/\/section-26-conrs.laboissiere.net\/index.php\/wp-json\/wp\/v2\/types\/page"}],"author":[{"embeddable":true,"href":"https:\/\/section-26-conrs.laboissiere.net\/index.php\/wp-json\/wp\/v2\/users\/1"}],"replies":[{"embeddable":true,"href":"https:\/\/section-26-conrs.laboissiere.net\/index.php\/wp-json\/wp\/v2\/comments?post=176"}],"version-history":[{"count":17,"href":"https:\/\/section-26-conrs.laboissiere.net\/index.php\/wp-json\/wp\/v2\/pages\/176\/revisions"}],"predecessor-version":[{"id":653,"href":"https:\/\/section-26-conrs.laboissiere.net\/index.php\/wp-json\/wp\/v2\/pages\/176\/revisions\/653"}],"wp:attachment":[{"href":"https:\/\/section-26-conrs.laboissiere.net\/index.php\/wp-json\/wp\/v2\/media?parent=176"}],"curies":[{"name":"wp","href":"https:\/\/api.w.org\/{rel}","templated":true}]}}