{"id":303,"date":"2018-06-20T22:49:31","date_gmt":"2018-06-20T22:49:31","guid":{"rendered":"http:\/\/section-26-conrs.fr\/?page_id=303"},"modified":"2018-11-22T14:53:03","modified_gmt":"2018-11-22T14:53:03","slug":"concours-2018","status":"publish","type":"page","link":"https:\/\/section-26-conrs.laboissiere.net\/index.php\/recruitment\/concours-2018\/","title":{"rendered":"Concours 2018"},"content":{"rendered":"<a href=\"http:\/\/www.dgdr.cnrs.fr\/drhchercheurs\/concoursch\/pdf\/guide-fr.pdf\">Guide du candidat<\/a>\r\n\r\n<h4>Postes au concours<\/h4>\r\n\r\n<ul>\r\n\r\n<li>N\u00b0 26\/01 \u2014 6 directeurs de recherche de 2e classe (DR2). Concours ouvert sur les th\u00e8mes scientifiques relevant de la Section 26.\r\n<br class=\"real\"\/><br class=\"real\"\/><strong>Liste des candidat\u2022e\u2022s admissibles\u00a0:<\/strong><br class=\"real\"\/><br class=\"real\"\/><table class=\"results\"><tbody>\r\n<tr><td>FERNAGUT Pierre-Olivier<\/td><td>Admissible class\u00e9 n\u00b0 1<\/td><\/tr>\r\n<tr><td>PEYRIN Carole<\/td><td>Admissible class\u00e9e n\u00b0 2<\/td><\/tr>\r\n<tr><td>MARIGHETTO Aline<\/td><td>Admissible class\u00e9e n\u00b0 3<\/td><\/tr>\r\n<tr><td>MANDAIRON Nathalie<\/td><td>Admissible class\u00e9e n\u00b0 4<\/td><\/tr>\r\n<tr><td>COUREAUD G\u00e9rard<\/td><td>Admissible class\u00e9 n\u00b0 5<\/td><\/tr>\r\n<tr><td>THIEBAUT DE SCHOTTEN Michel<\/td><td>Admissible class\u00e9 n\u00b0 6<\/td><\/tr>\r\n<tr><td>BROCHIER Thomas<\/td><td>Admissible class\u00e9 n\u00b0 7<\/td><\/tr>\r\n<tr><td>CHABBERT Christian<\/td><td>Admissible class\u00e9 n\u00b0 8<\/td><\/tr>\r\n<\/tbody><\/table><br class=\"real\"\/>\r\n<\/li>\r\n\r\n<li>N\u00b0 26\/02 \u2014 5 charg\u00e9s de recherche de classe normale (CRCN). Concours ouvert sur les th\u00e8mes scientifiques relevant de la Section n\u00b026.\r\n<br class=\"real\"\/><br class=\"real\"\/><strong>Liste des candidat\u2022e\u2022s admissibles\u00a0:<\/strong><br class=\"real\"\/><br class=\"real\"\/><table class=\"results\"><tbody>\r\n<tr><td>LUTZ Pierre Eric<\/td><td>Admissible class\u00e9 n\u00b0 1<\/td><\/tr>\r\n<tr><td>PALMINTERI Stefano<\/td><td>Admissible class\u00e9 n\u00b0 2<\/td><\/tr>\r\n<tr><td>TRANNOY Severine<\/td><td>Admissible class\u00e9e n\u00b0 3<\/td><\/tr>\r\n<tr><td>DUBOSCQ Julie<\/td><td>Admissible class\u00e9e n\u00b0 4<\/td><\/tr>\r\n<tr><td>SESCOUSSE Guillaume<\/td><td>Admissible class\u00e9 n\u00b0 5<\/td><\/tr>\r\n<tr><td>IBOS Guilhem<\/td><td>Admissible class\u00e9 n\u00b0 6<\/td><\/tr>\r\n<tr><td>BARDI Lara<\/td><td>Admissible class\u00e9e n\u00b0 7<\/td><\/tr>\r\n<tr><td>THURA David<\/td><td>Admissible class\u00e9 n\u00b0 8<\/td><\/tr>\r\n<tr><td>ESTEBANEZ Luc<\/td><td>Admissible class\u00e9 n\u00b0 9<\/td><\/tr>\r\n<tr><td>VERNET Marine<\/td><td>Admissible class\u00e9e n\u00b0 10<\/td><\/tr>\r\n<tr><td>ISINGRINI Elsa<\/td><td>Admissible class\u00e9e n\u00b0 11<\/td><\/tr>\r\n<\/tbody><\/table><br class=\"real\"\/>\r\n\r\n<br class=\"real\"\/><br class=\"real\"\/><strong>Liste des candidat\u2022e\u2022s admis\u2022es\u00a0:<\/strong><br class=\"real\"\/><br class=\"real\"\/><table class=\"results\"><tbody>\r\n<tr><td>LUTZ Pierre Eric<\/td><td>Class\u00e9 n\u00b0 1 sur liste principale<\/td><\/tr>\r\n<tr><td>PALMINTERI Stefano<\/td><td>Class\u00e9 n\u00b0 2 sur liste principale<\/td><\/tr>\r\n<tr><td>TRANNOY Severine<\/td><td>Class\u00e9e n\u00b0 3 sur liste principale<\/td><\/tr>\r\n<tr><td>DUBOSCQ Julie<\/td><td>Class\u00e9e n\u00b0 4 sur liste principale<\/td><\/tr>\r\n<tr><td>SESCOUSSE Guillaume<\/td><td>Class\u00e9 n\u00b0 5 sur liste principale<\/td><\/tr>\r\n<tr><td>IBOS Guilhem<\/td><td>Class\u00e9 n\u00b0 1 sur liste compl\u00e9mentaire<\/td><\/tr>\r\n<tr><td>BARDI Lara<\/td><td>Class\u00e9e n\u00b0 2 sur liste compl\u00e9mentaire<\/td><\/tr>\r\n<tr><td>THURA David<\/td><td>Class\u00e9 n\u00b0 3 sur liste compl\u00e9mentaire<\/td><\/tr>\r\n<\/tbody><\/table><br class=\"real\"\/>\r\n<\/li>\r\n\r\n<li>N\u00b0 26\/03 \u2014 2 charg\u00e9s de recherche de classe normale (CRCN), prioritairement sur les th\u00e8mes&nbsp;:\r\n<ul>\r\n<li>\u00ab\u00a0Langage et cognition : d\u00e9veloppement et apprentissage conceptuel\u00a0\u00bb et affect\u00e9 dans une unit\u00e9 relevant de l\u2019INSHS \u00e0 titre principal<\/li>\r\n<li>\u00ab\u00a0Apports et usages des nouvelles technologies pour l\u2019autonomie cognitive, affective ou motrice de la personne\u00a0\u00bb et affect\u00e9 dans une unit\u00e9 relevant de l\u2019INSHS \u00e0 titre principal ou secondaire<\/li>\r\n<\/ul>\r\n<br class=\"real\"\/><br class=\"real\"\/><strong>Liste des candidat\u2022e\u2022s admissibles\u00a0:<\/strong><br class=\"real\"\/><br class=\"real\"\/><table class=\"results\"><tbody>\r\n<tr><td>FRAN\u00c7OIS Cl\u00e9ment<\/td><td>Admissible class\u00e9 n\u00b0 1<\/td><\/tr>\r\n<tr><td>BOUTON Sophie<\/td><td>Admissible class\u00e9e n\u00b0 2<\/td><\/tr>\r\n<tr><td>PICHON Swan<\/td><td>Admissible class\u00e9 n\u00b0 2<\/td><\/tr>\r\n<\/tbody><\/table><br class=\"real\"\/>\r\n<\/li>\r\n<\/ul>\r\n\r\nN.B.&nbsp;: il existe \u00e9galement des concours CRCN (<a href=\"http:\/\/gestionoffres.dsi.cnrs.fr\/fo\/offres\/detail-fr.php?&#038;offre_id=101\">N\u00b051\/03<\/a>) et DR2 (<a href=\"http:\/\/gestionoffres.dsi.cnrs.fr\/fo\/offres\/detail-fr.php?&#038;offre_id=99\">N\u00b051\/01<\/a>) en Commission interdisciplinaire 51 (<i>Mod\u00e9lisation et analyse des donn\u00e9es et des syst\u00e8mes biologiques : approches informatiques, math\u00e9matiques et physiques<\/i>), qui peuvent concerner les candidats de la Section 26.\r\n\r\n<h4>Calendrier du concours<\/h4>\r\n\r\n<ul>\r\n<li>4 d\u00e9cembre 2017 \u2013 8 janvier 2018\u00a0: inscription au concours<\/li>\r\n<li>19\u201321 f\u00e9vrier 2018\u00a0: JAD (jury d&#8217;admissibilit\u00e9 sur dossier et s\u00e9lection des candidat.e.s CRCN auditionn\u00e9.e.s)<\/li>\r\n<li>19\u201322 mars 2018\u00a0: auditions pour les concours CRCN au si\u00e8ge CNRS (<a href=\"https:\/\/www.google.fr\/maps\/place\/Scientific+Research+National+Center\/@48.8479609,2.2602017,16z\/data=!4m5!3m4!1s0x47e67abaa0e8400d:0x7de3df7e5e20a26f!8m2!3d48.8476037!4d2.2639934?hl=fr\">3 rue Michel Ange, 75016 Paris<\/a>)<\/li>\r\n<li>23 march 2018\u00a0: auditions pour les concours DR2 au si\u00e8ge CNRS (<a href=\"https:\/\/www.google.fr\/maps\/place\/Scientific+Research+National+Center\/@48.8479609,2.2602017,16z\/data=!4m5!3m4!1s0x47e67abaa0e8400d:0x7de3df7e5e20a26f!8m2!3d48.8476037!4d2.2639934?hl=fr\">3 rue Michel Ange, 75016 Paris<\/a>)<\/li>\r\n<li>26\u201330 mars 2018 : jury d&#8217;admissibilit\u00e9 (CRCN + DR2)<\/li>\r\n<li>22 mai 2018 : jury d&#8217;admission de l&#8217;INSB (CRCN 26\/02 + DR2 26\/01)<\/li>\r\n<li>4 juin 2018 : jury d&#8217;admission de l&#8217;INSHS (CRCN 26\/03)<\/li>\r\n<\/ul>","protected":false},"excerpt":{"rendered":"<p>Guide du candidat Postes au concours N\u00b0 26\/01 \u2014 6 directeurs de recherche de 2e classe (DR2). Concours ouvert sur les th\u00e8mes scientifiques relevant de la Section 26. N\u00b0 26\/02 \u2014 5 charg\u00e9s de recherche de classe normale (CRCN). Concours ouvert sur les th\u00e8mes scientifiques relevant de la Section n\u00b026. N\u00b0 26\/03 \u2014 2 charg\u00e9s [&hellip;]<\/p>\n","protected":false},"author":1,"featured_media":0,"parent":18,"menu_order":0,"comment_status":"closed","ping_status":"closed","template":"","meta":{"footnotes":""},"class_list":["post-303","page","type-page","status-publish","hentry"],"_links":{"self":[{"href":"https:\/\/section-26-conrs.laboissiere.net\/index.php\/wp-json\/wp\/v2\/pages\/303"}],"collection":[{"href":"https:\/\/section-26-conrs.laboissiere.net\/index.php\/wp-json\/wp\/v2\/pages"}],"about":[{"href":"https:\/\/section-26-conrs.laboissiere.net\/index.php\/wp-json\/wp\/v2\/types\/page"}],"author":[{"embeddable":true,"href":"https:\/\/section-26-conrs.laboissiere.net\/index.php\/wp-json\/wp\/v2\/users\/1"}],"replies":[{"embeddable":true,"href":"https:\/\/section-26-conrs.laboissiere.net\/index.php\/wp-json\/wp\/v2\/comments?post=303"}],"version-history":[{"count":5,"href":"https:\/\/section-26-conrs.laboissiere.net\/index.php\/wp-json\/wp\/v2\/pages\/303\/revisions"}],"predecessor-version":[{"id":413,"href":"https:\/\/section-26-conrs.laboissiere.net\/index.php\/wp-json\/wp\/v2\/pages\/303\/revisions\/413"}],"up":[{"embeddable":true,"href":"https:\/\/section-26-conrs.laboissiere.net\/index.php\/wp-json\/wp\/v2\/pages\/18"}],"wp:attachment":[{"href":"https:\/\/section-26-conrs.laboissiere.net\/index.php\/wp-json\/wp\/v2\/media?parent=303"}],"curies":[{"name":"wp","href":"https:\/\/api.w.org\/{rel}","templated":true}]}}