{"id":492,"date":"2019-12-04T14:14:02","date_gmt":"2019-12-04T14:14:02","guid":{"rendered":"http:\/\/section-26-conrs.fr\/?page_id=492"},"modified":"2020-09-02T14:00:45","modified_gmt":"2020-09-02T14:00:45","slug":"concours-2020","status":"publish","type":"page","link":"https:\/\/section-26-conrs.laboissiere.net\/index.php\/concours-2020\/","title":{"rendered":"Concours 2020"},"content":{"rendered":"Le concours chercheurs et chercheuses CNRS 2020 est\r\n<a href=\"http:\/\/www.dgdr.cnrs.fr\/drhchercheurs\/concoursch\/default-fr.htm\">ouvert<\/a>.\r\n\r\n<p><\/p>\r\n<div id=\"warn\">\r\nPour le <strong>concours DR2 2020<\/strong>, la section \u00e9valuera les candidatures uniquement \u00e0 partir des dossiers et ne proc\u00e9dera pas \u00e0 l&#8217;audition des candidats.  Nous conseillons de vous reporter <a href=\"https:\/\/section-26-conrs.fr\/index.php\/dossiers-concours\/?lang=fr\">aux crit\u00e8res d&#8217;\u00e9valuation et aux instructions donn\u00e9es par la Section<\/a> pour constituer votre dossier de candidature.\r\n<\/div>\r\n\r\n<h3>Postes ouverts au concours pour la <a href=\"http:\/\/www.cnrs.fr\/comitenational\/sections\/section.php?sec=26\">Section 26<\/a> (Cerveau, cognition, comportement)&nbsp;:<\/h3>\r\n\r\n<ul>\r\n\r\n<li><strong>N\u00b026\/01<\/strong> \u2013 6 Directeurs de recherche ou Directrices de recherche de 2e classe. Concours ouvert sur les th\u00e8mes scientifiques relevant de la Section n\u00b026.\r\n<br class=\"real\"\/><br class=\"real\"\/><strong>Liste des candidat\u2022e\u2022s admissibles\u00a0:<\/strong><br class=\"real\"\/><br class=\"real\"\/><table class=\"results\"><tbody>\r\n<tr><td>CROCKFORD Catherine<\/td><td>Admissible class\u00e9e n\u00b0 1<\/td><\/tr>\r\n<tr><td>DUSSUTOUR Audrey<\/td><td>Admissible class\u00e9e n\u00b0 2<\/td><\/tr>\r\n<tr><td>POULIN-CHARRONNAT B\u00e9n\u00e9dicte<\/td><td>Admissible class\u00e9e n\u00b0 3<\/td><\/tr>\r\n<tr><td>GOULLET DE RUGY Aymar<\/td><td>Admissible class\u00e9 n\u00b0 4<\/td><\/tr>\r\n<tr><td>PIFFERI Fabien<\/td><td>Admissible class\u00e9 n\u00b0 5<\/td><\/tr>\r\n<tr><td>BAUMARD Nicolas<\/td><td>Admissible class\u00e9 n\u00b0 6<\/td><\/tr>\r\n<tr><td>PISELLA Laure<\/td><td>Admissible class\u00e9e n\u00b0 7<\/td><\/tr>\r\n<tr><td>REDDY Leila<\/td><td>Admissible class\u00e9e n\u00b0 8<\/td><\/tr>\r\n<tr><td>AMIEZ C\u00e9line<\/td><td>Admissible class\u00e9e n\u00b0 9<\/td><\/tr>\r\n<tr><td>BERANECK Mathieu<\/td><td>Admissible class\u00e9 n\u00b0 10<\/td><\/tr>\r\n<\/tbody><\/table><br class=\"real\"\/>\r\n<\/li>\r\n\r\n<li><strong>N\u00b026\/02<\/strong> \u2013 3 Charg\u00e9s de recherche ou Charg\u00e9es de recherche de classe normale. Concours ouvert sur les th\u00e8mes scientifiques relevant de la Section n\u00b026.\r\n<br class=\"real\"\/><br class=\"real\"\/><strong>Liste des candidat\u2022e\u2022s admissibles\u00a0:<\/strong><br class=\"real\"\/><br class=\"real\"\/><table class=\"results\"><tbody>\r\n<tr><td>ENGELN Michel<\/td><td>Admissible class\u00e9 n\u00b0 1<\/td><\/tr>\r\n<tr><td>KOSEM Anne<\/td><td>Admissible class\u00e9e n\u00b0 2<\/td><\/tr>\r\n<tr><td>BONAIUTO James<\/td><td>Admissible class\u00e9 n\u00b0 3<\/td><\/tr>\r\n<tr><td>JORDAN Alex<\/td><td>Admissible class\u00e9 n\u00b0 4<\/td><\/tr>\r\n<tr><td>LOUREIRO Michael<\/td><td>Admissible class\u00e9 n\u00b0 5<\/td><\/tr>\r\n<tr><td>KOBAN L\u00e9onie<\/td><td>Admissible class\u00e9e n\u00b0 6<\/td><\/tr>\r\n<tr><td>DEFFAINS Marc<\/td><td>Admissible class\u00e9 n\u00b0 7<\/td><\/tr>\r\n<\/tbody><\/table><br class=\"real\"\/>\r\n<\/li>\r\n\r\n<li><strong>N\u00b026\/03<\/strong> \u2013 1 Charg\u00e9 de recherche ou Charg\u00e9e de recherche de classe normale, sur le th\u00e8me \u00ab&nbsp;Communication animale et communication humaine&nbsp;: du fondamental au translationnel&nbsp;\u00bb, dont le projet de recherche s\u2019inscrit prioritairement dans une unit\u00e9 rattach\u00e9e \u00e0 l\u2019InSHS \u00e0 titre principal ou secondaire.\r\n<br class=\"real\"\/><br class=\"real\"\/><strong>Liste des candidat\u2022e\u2022s admissibles\u00a0:<\/strong><br class=\"real\"\/><br class=\"real\"\/><table class=\"results\"><tbody>\r\n<tr><td>PISANSKI Katarzyn<\/td><td>Admissible class\u00e9e n\u00b0 1<\/td><\/tr>\r\n<tr><td>PONSOT Emmanuel<\/td><td>Admissible class\u00e9 n\u00b0 2<\/td><\/tr>\r\n<\/tbody><\/table><br class=\"real\"\/>\r\n<\/li>\r\n\r\n<\/ul>\r\n\r\n<h3>Calendrier du concours<\/h3>\r\n\r\n<p><a href=\"http:\/\/www.dgdr.cnrs.fr\/drhchercheurs\/concoursch\/default-fr.htm\">Dispositions du CNRS concernant la crise sanitaire de la COVID-19<\/a><\/p>\r\n\r\n<ul>\r\n<li>3 d\u00e9cembre 2019 \u2013 7 janvier 2020\u00a0: inscription au concours<\/li>\r\n<li>24\u201327 f\u00e9vrier 2020&nbsp;: JAD (jury d&#8217;admissibilit\u00e9 sur dossier et s\u00e9lection des candidat.e.s CRCN auditionn\u00e9.e.s)<\/li>\r\n<li>(suspendu)&nbsp;: auditions pour les concours CRCN \u00e0 la <a href=\"https:\/\/goo.gl\/maps\/m675ZkuUvuTqVMHQ9\">DR5 du CNRS \u00e0 Meudon<\/a><\/li>\r\n<li>(suspendu)&nbsp;: jury d&#8217;admissibilit\u00e9 pour le concours CRCN<\/li>\r\n<li>(suspendu)&nbsp;: jury d&#8217;admissibilit\u00e9 pour le concours DR2<\/li>\r\n<\/ul>\r\n\r\n<h3>Poste ouvert au concours pour la <a href=\"http:\/\/www.cnrs.fr\/comitenational\/sections\/section.php?sec=16\">Section 16<\/a> (Chimie et vivant)&nbsp;:<\/h3>\r\n\r\n<ul>\r\n\r\n<li><strong>N\u00b016\/03<\/strong> \u2013 1 Charg\u00e9 de recherche ou Charg\u00e9e de recherche de classe normale : sur le th\u00e8me&nbsp;: \u00ab&nbsp;Projet interdisciplinaire en chimie ciblant de fa\u00e7on pr\u00e9f\u00e9rentielle les neurosciences&nbsp;\u00bb dont le projet de recherche s\u2019inscrit dans une unit\u00e9 rattach\u00e9e \u00e0 l\u2019INSB ou \u00e0 l\u2019INC.<\/li>\r\n\r\n<\/ul>\r\n\r\n<h3>Poste ouvert au concours pour la <a href=\"http:\/\/www.cnrs.fr\/comitenational\/cid\/cid.php?cid=51\r\n\">CID 51<\/a> (Mod\u00e9lisation, et analyse des donn\u00e9es et des syst\u00e8mes biologiques&nbsp;: approches informatiques, math\u00e9matiques et physiques)&nbsp;:<\/h3>\r\n\r\n<ul>\r\n\r\n<li><strong>N\u00b051\/02<\/strong> \u2013 Charg\u00e9s de recherche ou Charg\u00e9es de recherche de classe normale&nbsp;: dont prioritairement&nbsp;:\r\n<ul>\r\n<li> 1 charg\u00e9 de recherche ou 1 charg\u00e9e de recherche de classe normale dont le projet de recherche s\u2019inscrit dans une unit\u00e9 rattach\u00e9e \u00e0 l\u2019INSMI \u00e0 titre principal,<\/li>\r\n<li> 3 charg\u00e9s de recherche ou 3 charg\u00e9es de rechercherche de classe normale dont le projet de recherche s\u2019inscrit dans des unit\u00e9s rattach\u00e9es \u00e0 l\u2019INSB \u00e0 titre principal, dont&nbsp;:\r\n<ul>\r\n<li> 1 charg\u00e9 de recherche ou 1 charg\u00e9e de recherche de classe normale sur le th\u00e8me \u00ab&nbsp;Intelligence artificielle et analyse de donn\u00e9es massives des processus biologiques&nbsp;\u00bb,<\/li>\r\n<\/ul>\r\n<li> 1 charg\u00e9 de recherche ou 1 charg\u00e9e de recherche de classe normale dont le projet de recherche s\u2019inscrit dans une unit\u00e9 rattach\u00e9e \u00e0 l\u2019INS2I \u00e0 titre principal.<\/li>\r\n<\/li>\r\n<\/ul>","protected":false},"excerpt":{"rendered":"<p>Le concours chercheurs et chercheuses CNRS 2020 est ouvert. Pour le concours DR2 2020, la section \u00e9valuera les candidatures uniquement \u00e0 partir des dossiers et ne proc\u00e9dera pas \u00e0 l&#8217;audition des candidats. Nous conseillons de vous reporter aux crit\u00e8res d&#8217;\u00e9valuation et aux instructions donn\u00e9es par la Section pour constituer votre dossier de candidature. Postes ouverts [&hellip;]<\/p>\n","protected":false},"author":1,"featured_media":0,"parent":0,"menu_order":0,"comment_status":"closed","ping_status":"closed","template":"","meta":{"footnotes":""},"class_list":["post-492","page","type-page","status-publish","hentry"],"_links":{"self":[{"href":"https:\/\/section-26-conrs.laboissiere.net\/index.php\/wp-json\/wp\/v2\/pages\/492"}],"collection":[{"href":"https:\/\/section-26-conrs.laboissiere.net\/index.php\/wp-json\/wp\/v2\/pages"}],"about":[{"href":"https:\/\/section-26-conrs.laboissiere.net\/index.php\/wp-json\/wp\/v2\/types\/page"}],"author":[{"embeddable":true,"href":"https:\/\/section-26-conrs.laboissiere.net\/index.php\/wp-json\/wp\/v2\/users\/1"}],"replies":[{"embeddable":true,"href":"https:\/\/section-26-conrs.laboissiere.net\/index.php\/wp-json\/wp\/v2\/comments?post=492"}],"version-history":[{"count":30,"href":"https:\/\/section-26-conrs.laboissiere.net\/index.php\/wp-json\/wp\/v2\/pages\/492\/revisions"}],"predecessor-version":[{"id":616,"href":"https:\/\/section-26-conrs.laboissiere.net\/index.php\/wp-json\/wp\/v2\/pages\/492\/revisions\/616"}],"wp:attachment":[{"href":"https:\/\/section-26-conrs.laboissiere.net\/index.php\/wp-json\/wp\/v2\/media?parent=492"}],"curies":[{"name":"wp","href":"https:\/\/api.w.org\/{rel}","templated":true}]}}